e prime factors of i?
2, 61
Let u = 610 + -226. Suppose -2*l = -4*h - u, -4*h + 7*h = 3*l - 579. List the prime factors of l.
2, 97
Let j be ((-3)/9)/((-3)/(-9)) + 24. Let w = -24 + j. What are the prime factors of w + 911/8 + 1/8?
113
Let l be 21 - -577 - (-1 - -8). Let i = l - -453. What are the prime factors of i?
2, 3, 29
Let z be 1/(4/20) + (-9)/(-1). Let i(j) = 16*j - 99. What are the prime factors of i(z)?
5
Suppose -2*m - 42 = -58. Let w(p) = 4*p**2 + 9*p - 20. Let q(s) = -8*s**2 - 17*s + 39. Let g(h) = -6*q(h) - 11*w(h). What are the prime factors of g(m)?
2, 7, 19
Let f be (7122/4)/(7/2 + -2). Let a = -459 + f. List the prime factors of a.
2, 7, 13
Let f be (-21)/(-12)*(2 + -5 - -7). Let u(t) be the second derivative of -t**5/20 + 2*t**4/3 + 7*t**3/6 + 8*t**2 + 3*t. What are the prime factors of u(f)?
2, 3, 19
Let r(h) = -6*h - 2*h + 0*h + 9*h**2 - 5. Let i = -3663 - -3667. List the prime factors of r(i).
107
Let c = -66460 - -97326. List the prime factors of c.
2, 11, 23, 61
Let f(v) = v + 1. Let d(c) = 1. Let z(y) = 59*y**2 - 14*y - 8. Let j(t) = -5*d(t) - z(t). Let o(i) = 6*f(i) - j(i). What are the prime factors of o(2)?
223
Suppose -16*w = -90794 - 25574. List the prime factors of w.
7, 1039
Suppose 0 = -30*o + 24*o + 462. What are the prime factors of o?
7, 11
Let a(s) = -s**3 - 2*s**2 - 4*s - 16. Let p(i) = i**3 - 7*i**2 + 2*i - 8. Let x be p(7). Let u be a(x). Let w = 479 + u. What are the prime factors of w?
151
Suppose 5*f = 11*f - 2592. Suppose 8*t - 7*t - f = -2*k, -2*t = 5*k - 864. List the prime factors of t.
2, 3
Let x be (-394)/8 + -2*(-1)/8. Let y = x + 53. Suppose 2*b + 2*b + 20 = 0, -y*b = -2*f + 388. List the prime factors of f.
2, 23
Suppose 46*n - 56489 = 16067 + 17558. What are the prime factors of n?
3, 653
Suppose -4 = -4*k, v + 2*k + 4560 = 15776. List the prime factors of v.
2, 3, 7, 89
Let x(r) = 3*r**3 - 35*r**2 - 11*r - 71. List the prime factors of x(34).
3, 7, 19, 193
Let s = -441 - -9526. List the prime factors of s.
5, 23, 79
Let o(b) = -5 - 14*b - 32 - 12*b + b - 21*b**2 - b**3. Let s be o(-19). Let w = -139 - s. What are the prime factors of w?
5, 29
Let g(l) = 9017*l - 3335. List the prime factors of g(6).
50767
Suppose x + 9*w - 73 = 4*w, -4*x = -w - 397. Let h(t) = -t**3 - 6*t**2 + 8. Let s be h(-6). Suppose s*v - v = x. What are the prime factors of v?
2, 7
What are the prime factors of ((3/(-18))/((-22)/(-30184)))/((-3)/162)?
2, 3, 7
Suppose 17*c = -17 + 17. Suppose c = 2*f - 128 - 528. What are the prime factors of f?
2, 41
Let c = 19790 + -12688. What are the prime factors of c?
2, 53, 67
Let p(q) = -5959*q + 869. List the prime factors of p(-2).
19, 673
Let j = 8361 - 4083. Suppose 38*d - 32*d = j. What are the prime factors of d?
23, 31
Suppose -10653 = -9*g - 420. Suppose -g = -3*k + 3*p, 5 = -p + 3. What are the prime factors of k?
13, 29
Suppose 0 = 3*x - 2*w - 2, -4*w = -5*x + 3 + 3. Let z be (x - 0)*(2 - 4). What are the prime factors of (-16)/z + (-288)/(-4)?
2, 17
Suppose 5*g = -2*v - 20, 0*v - 3*g = 2*v + 12. Let f(s) = s**3 - 2*s + 455. What are the prime factors of f(v)?
5, 7, 13
Let c(y) = y**3 - 47*y**2 - 164*y + 470. What are the prime factors of c(56)?
2, 5, 1951
Let z be (-1 - 5/(-2))*2. Suppose 5*q - 3 = -j, z*q + 4*j = -j - 7. What are the prime factors of 248*(-5)/(-10)*q?
2, 31
Let b = 174 + -116. Suppose 0 = -4*a + 2*o - 204, -153 = 3*a + o - 4*o. Let j = a + b. List the prime factors of j.
7
Suppose a + 70 - 15 = 0. Let u = a + 48. Let h = 54 - u. What are the prime factors of h?
61
Let w(b) = 2*b**2 + 2. Let k be w(-5). Let l be (-18 + 13 + 30/(-25) + 2)*5. Let x = l + k. What are the prime factors of x?
31
Let x(i) be the second derivative of i**4/4 - i**3/6 + 4*i**2 + i. Let w(a) = -a**3 + 19*a**2 - 81*a - 30. Let c be w(12). List the prime factors of x(c).
2, 5, 11
Let j = -227 - -9600. List the prime factors of j.
7, 13, 103
Let j(i) = -7*i + 59. Let p be j(-37). Suppose -3*w + 966 = 3*l, -w - l = 4*l - p. What are the prime factors of w?
17, 19
Let w = -66 - -100. Suppose 0 = 4*f + 5*n - 4, 2*n + 2*n = 3*f - w. What are the prime factors of (5145/(-6))/7*f/(-5)?
3, 7
Let u(n) = -n**3 + 11*n**2 + 4*n + 4. Suppose 0 = 3*r - r + 2*o - 10, -2*o - 38 = -4*r. What are the prime factors of u(r)?
2, 3, 19
Let v(c) = -c**3 - 6*c**2 - 10*c - 6. Let i be v(-9). Suppose -3*l + i = -2*x + 69, 279 = 3*l + 5*x. Let f = l - 13. What are the prime factors of f?
3, 5
Let m(j) = -56*j**3 + 20*j**2 + 78*j + 756. What are the prime factors of m(-9)?
2, 3, 787
Suppose 0 = -f + 6 - 4. Suppose -f*q - 52 = -572. List the prime factors of q.
2, 5, 13
Suppose 7*t = -851 + 2888. Let x = -6 + -64. What are the prime factors of (x/(-15) + -4)*t?
2, 97
Suppose -4*u + 5*u = -164. Let x = u + 324. What are the prime factors of x?
2, 5
Let h be (-3)/2*(-72)/(-54). Let t be 0 - 4/h - (-422)/1. Suppose -4*d - 5*j = 330 - 907, -2*j = 3*d - t. List the prime factors of d.
2, 3, 23
Let q(x) be the third derivative of x**5/20 + 7*x**4/12 + 25*x**3/3 - 17*x**2. List the prime factors of q(-9).
167
Suppose 4*k + 0*k = -2*a + 11638, -8*k = 2*a - 23278. List the prime factors of k.
2, 3, 5, 97
Let w(o) = -3*o**3 - 31*o**2 - 25*o + 463. What are the prime factors of w(-21)?
2, 5, 151
Suppose -356*q + 3796637 + 12842091 = 0. List the prime factors of q.
2, 23369
Let n(f) = 6050*f**2 - f - 7. What are the prime factors of n(-1)?
2, 1511
Let t(g) = 29*g**3 - 3*g**2 + 48*g - 20. List the prime factors of t(11).
2, 29, 167
Let z(u) = -u**2 - 16*u - 30. Let t be z(-13). Suppose -4*f = -5*j - t*f - 675, 2*j - f + 276 = 0. List the prime factors of (j + -10)*(-1)/3.
7
Let a = 31873 + -18557. List the prime factors of a.
2, 3329
Let r(i) = 2*i**2 + 3*i + 55. Suppose -11*d + 27 - 236 = 0. List the prime factors of r(d).
2, 3, 5
Let i(d) = -3542*d - 3385. What are the prime factors of i(-5)?
3, 5, 191
List the prime factors of 4762/2 + ((-5)/(-15))/(2/24).
3, 5, 53
Let w be (1/(-2))/(7/(-42)). Suppose -w*s - 3*m + 234 = 0, 2*s - 240 = -s - 5*m. Let u = 168 - s. What are the prime factors of u?
3, 31
Suppose -4*c - 3512 = -3*y + 8201, 3*y - 3*c = 11709. Let i = y + -2634. List the prime factors of i.
5, 11, 23
Suppose -4*g - 7*z + 105328 = -3*z, z + 79004 = 3*g. What are the prime factors of g?
2, 3, 7, 11, 19
Let d(j) = -2*j**3 + 28*j**2 + j + 22. Let q be d(14). List the prime factors of (2208/q)/((-1)/(-3)).
2, 23
Let x = 10203 - 3460. What are the prime factors of x?
11, 613
Suppose 235 = 5*x + 210. Suppose 5*o + 5*k = o + 3304, x*o + 4*k - 4130 = 0. List the prime factors of o.
2, 7, 59
Let h(m) = -3*m - 31. Let b be h(-11). Let r be (-18)/(-12) - (-5)/b. Suppose r*d - 18 + 2 = 0. List the prime factors of d.
2
Let o(k) = 2*k**3 + 27*k**2 - 19*k - 7. What are the prime factors of o(-13)?
409
Let w be 8 + (1 - 3 - -2). Suppose 0 = w*o - 3843 - 357. Suppose -4*m + n + 414 = -n, 5*m = 4*n + o. What are the prime factors of m?
101
Let x(g) = -4*g**2 + 155*g + 108. What are the prime factors of x(21)?
3, 13, 41
Let o(d) = 1216*d**3 - 11*d**2 - d + 20. List the prime factors of o(3).
2, 5, 131
Let j = 9 + 1. Let l(m) = -14*m + 69 + 76 - 149 + 2*m**2. List the prime factors of l(j).
2, 7
Let d = 61 + -50. Suppose 2 = -13*z + d*z. List the prime factors of (z/1 - -2) + -1 - -160.
2, 5
Let l(v) = -v**2 - 13*v + 27. Let d be l(-16). Let c(g) = -3*g + 89. What are the prime factors of c(d)?
2, 19
List the prime factors of 93/(-248) + 3820824/64 + -3.
3, 11, 67
Let a(z) = 134*z + 184. Let c(l) = -89*l - 123. Let k(q) = -5*a(q) - 8*c(q). List the prime factors of k(16).
2, 23
Suppose -5*k = 5*r - 8227 - 7638, 5*r - 15874 = 4*k. List the prime factors of r.
2, 3, 23
Suppose -84735 = -4*v - 3*n, 3*v + 5*n = -698 + 64252. List the prime factors of v.
3, 23, 307
Let g(q) = -45*q - 3 + 19*q - 30*q + 3*q. Let b be g(1). Let n = 3 - b. List the prime factors of n.
59
Let o(q) = -11*q + 360. Let u be o(33). Let c(n) be the first derivative of 11*n**3/3 - n**2 - 7*n - 2. What are the prime factors of c(u)?
2, 7
Let y = 46277 - 17998. What are the prime factors of y?
28279
Suppose -c + 5*s + 23479 = 0, 3*s - 93874 = -4*c + 2*s. What are the prime factors of c?
3, 7823
Let d = 28 - 24. Suppose -d*o - j = -482, 5*o + 3*j + 139 = 745.